{"id":2,"date":"2016-05-10T03:48:21","date_gmt":"2016-05-10T03:48:21","guid":{"rendered":"http:\/\/bgsp-ev.de\/?page_id=2"},"modified":"2024-12-19T10:17:46","modified_gmt":"2024-12-19T10:17:46","slug":"sample-page","status":"publish","type":"page","link":"https:\/\/bgsp-ev.de\/?page_id=2","title":{"rendered":"Kontakt | Namen"},"content":{"rendered":"<header class=\"entry-header\">\n<h1 class=\"entry-title\"><\/h1>\n<\/header>\n<div class=\"entry-content\">\n<table class=\"wp-block-table\">\n<tbody>\n<tr>\n<td><span style=\"font-size: 14pt;\"><strong>Anschrift des Berliner Landesverbandes:<\/strong><\/span><br \/>\n<span style=\"font-size: 14pt;\">BGSP c\/o Holger K\u00fchne<\/span><br \/>\n<span style=\"font-size: 14pt;\">Innsbrucker Stra\u00dfe 2, 10825 Berlin<\/span><\/td>\n<\/tr>\n<\/tbody>\n<\/table>\n<table class=\"wp-block-table\">\n<tbody>\n<tr>\n<td><span style=\"font-size: 14pt;\">E-Mail:<\/span><\/td>\n<td><span style=\"font-size: 14pt;\"><a href=\"mailto:bgsp-ev@gmx.de\">bgsp-ev@gmx.de<\/a><\/span><\/td>\n<\/tr>\n<\/tbody>\n<\/table>\n<table class=\"wp-block-table\" style=\"width: 93.17280049864225%; height: 356px;\">\n<tbody>\n<tr style=\"height: 28px;\">\n<td style=\"height: 28px; width: 49.636499764204416%;\"><span style=\"font-size: 14pt;\"><strong>Gesch\u00e4ftsf\u00fchrender Vorstand<\/strong><\/span><\/td>\n<td style=\"height: 28px; width: 75.1077569523793%;\"><\/td>\n<\/tr>\n<tr style=\"height: 28px;\">\n<td style=\"height: 28px; width: 49.636499764204416%;\"><span style=\"font-size: 14pt;\">Christian Reumsch\u00fcssel-Wienert<\/span><\/td>\n<td style=\"height: 28px; width: 75.1077569523793%;\"><a href=\"mailto:christianr.wienert@t-online.de\"><span style=\"font-size: 14pt;\">christianr.wienert@t-online.de<\/span><\/a><\/td>\n<\/tr>\n<tr style=\"height: 28px;\">\n<td style=\"height: 28px; width: 49.636499764204416%;\"><span style=\"font-size: 14pt;\">Uwe Brohl-Zubert<\/span><\/td>\n<td style=\"height: 28px; width: 75.1077569523793%;\"><span style=\"font-size: 14pt;\"><a href=\"mailto:uwe.brohl@zubert.de\">uwe.brohl@zubert.de<\/a><\/span><\/td>\n<\/tr>\n<tr style=\"height: 28px;\">\n<td style=\"height: 28px; width: 49.636499764204416%;\"><span style=\"font-size: 14pt;\">Holger K\u00fchne<\/span><\/td>\n<td style=\"height: 28px; width: 75.1077569523793%;\"><span style=\"font-size: 14pt;\"><a href=\"mailto:holix.kuehne@t-online.de\">holix.kuehne@t-online.de<\/a><\/span><\/td>\n<\/tr>\n<tr style=\"height: 28px;\">\n<td style=\"height: 28px; width: 49.636499764204416%;\"><span style=\"font-size: 14pt;\">Ilja Ruhl<\/span><\/td>\n<td style=\"height: 28px; width: 75.1077569523793%;\"><a href=\"mailto:ilja-ruhl@web.de\"><span style=\"font-size: 14pt;\">ilja-ruhl@web.de<\/span><\/a><\/td>\n<\/tr>\n<tr style=\"height: 28px;\">\n<td style=\"height: 28px; width: 49.636499764204416%;\"><span style=\"font-size: 14pt;\">Astrid Delcamp<\/span><\/td>\n<td style=\"height: 28px; width: 75.1077569523793%;\"><a href=\"mailto:aloise@freenet.de\"><span style=\"font-size: 14pt;\">aloise@freenet.de<\/span><\/a><\/td>\n<\/tr>\n<tr style=\"height: 24px;\">\n<td style=\"height: 24px; width: 49.636499764204416%;\"><\/td>\n<td style=\"height: 24px; width: 75.1077569523793%;\"><\/td>\n<\/tr>\n<tr style=\"height: 28px;\">\n<td style=\"height: 28px; width: 49.636499764204416%;\"><span style=\"font-size: 14pt;\"><strong>Erweiterter Vorstand<\/strong><\/span><\/td>\n<td style=\"height: 28px; width: 75.1077569523793%;\"><\/td>\n<\/tr>\n<tr style=\"height: 28px;\">\n<td style=\"height: 28px; width: 49.636499764204416%;\"><span style=\"font-size: 14pt;\">Elke Hilgenb\u00f6cker<\/span><\/td>\n<td style=\"height: 28px; width: 75.1077569523793%;\"><a href=\"mailto:e.hilgenboecker@bethil.de\"><span style=\"font-size: 14pt;\">e.hilgenboecker@bethil.de<\/span><\/a><\/td>\n<\/tr>\n<tr style=\"height: 28px;\">\n<td style=\"height: 28px; width: 49.636499764204416%;\"><span style=\"font-size: 14pt;\">J\u00f6rg Bergstedt<\/span><\/td>\n<td style=\"height: 28px; width: 75.1077569523793%;\"><span style=\"font-size: 14pt;\"><a href=\"joerg_bergstedt@web.de\">joerg_bergstedt@web.de<\/a><\/span><\/td>\n<\/tr>\n<tr style=\"height: 28px;\">\n<td style=\"height: 28px; width: 49.636499764204416%;\"><span style=\"font-size: 14pt;\">Katrin Nordhausen<\/span><\/td>\n<td style=\"height: 28px; width: 75.1077569523793%;\"><span style=\"font-size: 14pt;\"><a href=\"mailto:K.Nordhausen@freenet.de\">K.Nordhausen@freenet.de<\/a><\/span><\/td>\n<\/tr>\n<tr style=\"height: 28px;\">\n<td style=\"height: 28px; width: 49.636499764204416%;\"><span style=\"font-size: 14pt;\">Sabine Meier<\/span><\/td>\n<td style=\"height: 28px; width: 75.1077569523793%;\"><span style=\"font-size: 14pt;\"><a href=\"meier.b@posteo.de\">meier.b@posteo.de<\/a><\/span><\/td>\n<\/tr>\n<tr style=\"height: 24px;\">\n<td style=\"height: 24px; width: 49.636499764204416%;\"><\/td>\n<td style=\"height: 24px; width: 75.1077569523793%;\"><\/td>\n<\/tr>\n<\/tbody>\n<\/table>\n<table class=\"wp-block-table\">\n<tbody>\n<tr>\n<td><span style=\"font-size: 14pt;\"><strong>Bundesgesch\u00e4ftsstelle der Deutschen Gesellschaft f\u00fcr Soziale Psychiatrie e.V. (DGSP)<\/strong>:<\/span><br \/>\n<span style=\"font-size: 14pt;\">Zeltinger Stra\u00dfe 9, 50969 K\u00f6ln<\/span><\/td>\n<\/tr>\n<\/tbody>\n<\/table>\n<table class=\"wp-block-table\">\n<tbody>\n<tr>\n<td><span style=\"font-size: 14pt;\">Telefon:<\/span><\/td>\n<td><span style=\"font-size: 14pt;\">0221 \u2013 51 10 02<\/span><\/td>\n<\/tr>\n<tr>\n<td><span style=\"font-size: 14pt;\">Fax:<\/span><\/td>\n<td><span style=\"font-size: 14pt;\">0221 \u2013 52 99 03<\/span><\/td>\n<\/tr>\n<tr>\n<td><span style=\"font-size: 14pt;\">E-mail:<\/span><\/td>\n<td><span style=\"font-size: 14pt;\"><a href=\"https:\/\/www.bgsp-ev.de\/info@dgsp-ev.de\">info@dgsp-ev.de<\/a><\/span><\/td>\n<\/tr>\n<tr>\n<td><span style=\"font-size: 14pt;\">Internet:<\/span><\/td>\n<td><span style=\"font-size: 14pt;\"><a href=\"https:\/\/www.dgsp-ev.de\/startseite.html\">www.psychiatrie.de<\/a><\/span><\/td>\n<\/tr>\n<\/tbody>\n<\/table>\n<table class=\"wp-block-table\">\n<tbody>\n<tr>\n<td><span style=\"font-size: 14pt;\">Wenn Sie Mitglied der DGSP werden m\u00f6chten, k\u00f6nnen Sie sich in der Rubrik\u00a0<a href=\"https:\/\/bgsp-ev.de\/?page_id=10\">\u00dcber die BGSP<\/a>\u00a0eine Beitrittserkl\u00e4rung herunterladen.<\/span><\/td>\n<\/tr>\n<\/tbody>\n<\/table>\n<\/div>\n","protected":false},"excerpt":{"rendered":"<p>Anschrift des Berliner Landesverbandes: BGSP c\/o Holger K\u00fchne Innsbrucker Stra\u00dfe 2, 10825 Berlin E-Mail: bgsp-ev@gmx.de Gesch\u00e4ftsf\u00fchrender Vorstand Christian Reumsch\u00fcssel-Wienert christianr.wienert@t-online.de Uwe Brohl-Zubert uwe.brohl@zubert.de Holger K\u00fchne holix.kuehne@t-online.de Ilja Ruhl ilja-ruhl@web.de Astrid Delcamp aloise@freenet.de Erweiterter Vorstand Elke Hilgenb\u00f6cker e.hilgenboecker@bethil.de J\u00f6rg Bergstedt joerg_bergstedt@web.de Katrin Nordhausen K.Nordhausen@freenet.de Sabine Meier meier.b@posteo.de Bundesgesch\u00e4ftsstelle der Deutschen Gesellschaft f\u00fcr Soziale Psychiatrie e.V. (DGSP):\u2026 <span class=\"read-more\"><a href=\"https:\/\/bgsp-ev.de\/?page_id=2\">Weiterlesen &raquo;<\/a><\/span><\/p>\n","protected":false},"author":1,"featured_media":0,"parent":0,"menu_order":1,"comment_status":"closed","ping_status":"closed","template":"","meta":{"footnotes":""},"class_list":["post-2","page","type-page","status-publish","hentry"],"_links":{"self":[{"href":"https:\/\/bgsp-ev.de\/index.php?rest_route=\/wp\/v2\/pages\/2","targetHints":{"allow":["GET"]}}],"collection":[{"href":"https:\/\/bgsp-ev.de\/index.php?rest_route=\/wp\/v2\/pages"}],"about":[{"href":"https:\/\/bgsp-ev.de\/index.php?rest_route=\/wp\/v2\/types\/page"}],"author":[{"embeddable":true,"href":"https:\/\/bgsp-ev.de\/index.php?rest_route=\/wp\/v2\/users\/1"}],"replies":[{"embeddable":true,"href":"https:\/\/bgsp-ev.de\/index.php?rest_route=%2Fwp%2Fv2%2Fcomments&post=2"}],"version-history":[{"count":20,"href":"https:\/\/bgsp-ev.de\/index.php?rest_route=\/wp\/v2\/pages\/2\/revisions"}],"predecessor-version":[{"id":878,"href":"https:\/\/bgsp-ev.de\/index.php?rest_route=\/wp\/v2\/pages\/2\/revisions\/878"}],"wp:attachment":[{"href":"https:\/\/bgsp-ev.de\/index.php?rest_route=%2Fwp%2Fv2%2Fmedia&parent=2"}],"curies":[{"name":"wp","href":"https:\/\/api.w.org\/{rel}","templated":true}]}}